{"id":7188,"date":"2025-06-17T14:00:31","date_gmt":"2025-06-17T12:00:31","guid":{"rendered":"https:\/\/api-lux.be\/?page_id=7188"},"modified":"2025-07-01T11:30:20","modified_gmt":"2025-07-01T09:30:20","slug":"archives-des-evenements","status":"publish","type":"page","link":"https:\/\/api-lux.be\/index.php\/archives-des-evenements\/","title":{"rendered":"\ud83d\udcc2 Archives des \u00e9v\u00e9nements"},"content":{"rendered":"\n<p class=\"has-large-font-size\">Retrouvez ici les \u00e9v\u00e9nements pass\u00e9s du r\u00e9seau : formations, rencontres, webinaires et plus encore.<\/p>\n\n\n\n<ul class=\"wp-block-list\">\n<li class=\"has-medium-font-size\"> <a href=\"https:\/\/api-lux.be\/index.php\/2025\/03\/28\/gouter-des-familles-dim-6-avril\/\">Dimanche 6 avril 2024: Go\u00fbter des familles<\/a><\/li>\n\n\n\n<li class=\"has-medium-font-size\">24 juin \u00e0 Bastogne<br><strong><a href=\"https:\/\/api-lux.be\/index.php\/2025\/06\/17\/24-juin-a-bastognecolloque-pair-aidanceorg-cla-drugscare-asbl-solaix-le-relais-social-interc-de-la-province-de-lux\/\">Colloque Pair-aidance<\/a><\/strong><br><a href=\"https:\/\/api-lux.be\/index.php\/2025\/06\/17\/24-juin-a-bastognecolloque-pair-aidanceorg-cla-drugscare-asbl-solaix-le-relais-social-interc-de-la-province-de-lux\/image_2025-06-17_143059116\/\"><\/a><\/li>\n<\/ul>\n\n\n\n<p><\/p>\n\n\n\n<p class=\"has-medium-font-size\"><a href=\"\/\">\ud83d\udd19 Retour \u00e0 l\u2019accueil<\/a><\/p>\n\n\n\n<p><\/p>\n","protected":false},"excerpt":{"rendered":"<p>Retrouvez ici les \u00e9v\u00e9nements pass\u00e9s du r\u00e9seau : formations, rencontres, webinaires et plus encore. \ud83d\udd19 Retour \u00e0 l\u2019accueil<\/p>\n","protected":false},"author":7,"featured_media":0,"parent":0,"menu_order":0,"comment_status":"closed","ping_status":"closed","template":"","meta":{"iawp_total_views":1,"footnotes":""},"class_list":["post-7188","page","type-page","status-publish","hentry"],"_links":{"self":[{"href":"https:\/\/api-lux.be\/index.php\/wp-json\/wp\/v2\/pages\/7188","targetHints":{"allow":["GET"]}}],"collection":[{"href":"https:\/\/api-lux.be\/index.php\/wp-json\/wp\/v2\/pages"}],"about":[{"href":"https:\/\/api-lux.be\/index.php\/wp-json\/wp\/v2\/types\/page"}],"author":[{"embeddable":true,"href":"https:\/\/api-lux.be\/index.php\/wp-json\/wp\/v2\/users\/7"}],"replies":[{"embeddable":true,"href":"https:\/\/api-lux.be\/index.php\/wp-json\/wp\/v2\/comments?post=7188"}],"version-history":[{"count":6,"href":"https:\/\/api-lux.be\/index.php\/wp-json\/wp\/v2\/pages\/7188\/revisions"}],"predecessor-version":[{"id":7597,"href":"https:\/\/api-lux.be\/index.php\/wp-json\/wp\/v2\/pages\/7188\/revisions\/7597"}],"wp:attachment":[{"href":"https:\/\/api-lux.be\/index.php\/wp-json\/wp\/v2\/media?parent=7188"}],"curies":[{"name":"wp","href":"https:\/\/api.w.org\/{rel}","templated":true}]}}