{"id":6438,"date":"2025-05-12T14:03:06","date_gmt":"2025-05-12T12:03:06","guid":{"rendered":"https:\/\/api-lux.be\/?page_id=6438"},"modified":"2025-05-12T14:03:06","modified_gmt":"2025-05-12T12:03:06","slug":"nos-articles","status":"publish","type":"page","link":"https:\/\/api-lux.be\/index.php\/nos-articles\/","title":{"rendered":"Nos articles"},"content":{"rendered":"\n<div class=\"wp-block-query is-layout-flow wp-block-query-is-layout-flow\"><ul class=\"columns-3 wp-block-post-template is-layout-grid wp-container-core-post-template-is-layout-2fc57c17 wp-block-post-template-is-layout-grid\"><li class=\"wp-block-post post-8461 post type-post status-publish format-standard hentry category-besoins category-besoins-dappartenance category-besoins-physiologiques category-fiches-outils category-fiches-outils-pour-les-aidants-proches category-fiches-outils-pour-les-professionnels category-inclusion-sociale-et-reseau-sociaux category-soin-pistes-et-outils-professionnels\">\n\n<div class=\"wp-block-group\" style=\"padding-top:30px;padding-right:30px;padding-bottom:30px;padding-left:30px\"><div class=\"wp-block-group__inner-container is-layout-flow wp-block-group-is-layout-flow\"><h2 class=\"wp-block-post-title\"><a href=\"https:\/\/api-lux.be\/index.php\/2025\/11\/24\/smap-lux-plateforme-repertoire-et-outils-dorientation-en-sante-mentale\/\" target=\"_self\" >SMap-Lux \u2014 Plateforme: r\u00e9pertoire et outils d\u2019orientation en sant\u00e9 mentale<\/a><\/h2>\n\n<div class=\"wp-block-post-excerpt\"><p class=\"wp-block-post-excerpt__excerpt\">\ud83c\udf10 Plateforme num\u00e9rique simple et accessible permettant de s\u2019orienter dans les services de sant\u00e9 mentale en province de Luxembourg.\ud83e\udded Elle offre un r\u00e9pertoire clair et des outils d\u2019aide \u00e0 l\u2019orientation [&hellip;] <\/p><\/div>\n\n<div class=\"wp-block-post-date\"><time datetime=\"2025-11-24T09:28:10+01:00\">24 novembre 2025<\/time><\/div><\/div><\/div>\n\n<\/li><li class=\"wp-block-post post-8423 post type-post status-publish format-standard hentry category-besoins category-communication category-fiches-outils category-fiches-outils-pour-les-aidants-proches category-fiches-outils-pour-les-professionnels\">\n\n<div class=\"wp-block-group\" style=\"padding-top:30px;padding-right:30px;padding-bottom:30px;padding-left:30px\"><div class=\"wp-block-group__inner-container is-layout-flow wp-block-group-is-layout-flow\"><h2 class=\"wp-block-post-title\"><a href=\"https:\/\/api-lux.be\/index.php\/2025\/10\/21\/comalso-association-de-promotion-la-communication-alternative-et-augmentative-caa\/\" target=\"_self\" >Comalso \u2013 association de promotion la communication alternative et augmentative (CAA)<\/a><\/h2>\n\n<div class=\"wp-block-post-excerpt\"><p class=\"wp-block-post-excerpt__excerpt\">\ud83d\udde3\ufe0f COMMUNICATION &#8211; Comalso est une association belge qui \u0153uvre pour que toute personne priv\u00e9e de langage oral acc\u00e8de \u00e0 une communication adapt\u00e9e et inclusive. <\/p><\/div>\n\n<div class=\"wp-block-post-date\"><time datetime=\"2025-10-21T15:36:28+02:00\">21 octobre 2025<\/time><\/div><\/div><\/div>\n\n<\/li><li class=\"wp-block-post post-8420 post type-post status-publish format-standard hentry category-adaptation-des-apprentissages category-besoins category-besoins-cognitifs category-fiches-outils category-fiches-outils-pour-les-aidants-proches category-fiches-outils-pour-les-professionnels\">\n\n<div class=\"wp-block-group\" style=\"padding-top:30px;padding-right:30px;padding-bottom:30px;padding-left:30px\"><div class=\"wp-block-group__inner-container is-layout-flow wp-block-group-is-layout-flow\"><h2 class=\"wp-block-post-title\"><a href=\"https:\/\/api-lux.be\/index.php\/2025\/10\/21\/materiel-pour-faciliter-la-lecture-les-editeurs-atypiques-vers-une-lecture-vraiment-accessible-a-tous\/\" target=\"_self\" >Mat\u00e9riel pour faciliter la lecture: Les \u00c9diteurs Atypiques \u2013 Vers une lecture vraiment accessible \u00e0 tous<\/a><\/h2>\n\n<div class=\"wp-block-post-excerpt\"><p class=\"wp-block-post-excerpt__excerpt\">\ud83d\udcda Am\u00e9nagement scolaire &#8211; Collectif de maisons d\u2019\u00e9dition sp\u00e9cialis\u00e9es dans les livres adapt\u00e9s aux besoins sp\u00e9cifiques de lecture (troubles DYS, autisme, d\u00e9ficiences sensorielles ou intellectuelles). <\/p><\/div>\n\n<div class=\"wp-block-post-date\"><time datetime=\"2025-10-21T15:07:19+02:00\">21 octobre 2025<\/time><\/div><\/div><\/div>\n\n<\/li><li class=\"wp-block-post post-8417 post type-post status-publish format-standard hentry category-adaptation-des-apprentissages category-besoins-cognitifs category-fiches-outils category-fiches-outils-pour-les-aidants-proches category-fiches-outils-pour-les-professionnels category-materiel-specifique category-outils-pedagogiques-pour-les-pro\">\n\n<div class=\"wp-block-group\" style=\"padding-top:30px;padding-right:30px;padding-bottom:30px;padding-left:30px\"><div class=\"wp-block-group__inner-container is-layout-flow wp-block-group-is-layout-flow\"><h2 class=\"wp-block-post-title\"><a href=\"https:\/\/api-lux.be\/index.php\/2025\/10\/21\/materiel-pour-faciliter-la-lecture-adabam-editions-de-lecture-adaptee-pour-tous\/\" target=\"_self\" >Mat\u00e9riel pour faciliter la lecture: Adabam \u2013 \u00c9ditions de lecture adapt\u00e9e pour tous<\/a><\/h2>\n\n<div class=\"wp-block-post-excerpt\"><p class=\"wp-block-post-excerpt__excerpt\">\ud83d\udcda Am\u00e9nagement scolaire &#8211; Adabam est une maison d\u2019\u00e9dition sp\u00e9cialis\u00e9e dans les livres adapt\u00e9s aux jeunes lecteurs en difficult\u00e9. Elle propose des outils concrets et bienveillants pour favoriser l\u2019acc\u00e8s \u00e0 [&hellip;] <\/p><\/div>\n\n<div class=\"wp-block-post-date\"><time datetime=\"2025-10-21T13:54:48+02:00\">21 octobre 2025<\/time><\/div><\/div><\/div>\n\n<\/li><li class=\"wp-block-post post-8411 post type-post status-publish format-standard hentry category-besoins category-besoins-daccomplissement category-besoins-dappartenance category-fiches-outils category-fiches-outils-pour-les-professionnels category-non-classe category-vie-affective\">\n\n<div class=\"wp-block-group\" style=\"padding-top:30px;padding-right:30px;padding-bottom:30px;padding-left:30px\"><div class=\"wp-block-group__inner-container is-layout-flow wp-block-group-is-layout-flow\"><h2 class=\"wp-block-post-title\"><a href=\"https:\/\/api-lux.be\/index.php\/2025\/09\/30\/handicap-et-parentalite-si-on-en-parlait\/\" target=\"_self\" >Handicap et parentalit\u00e9 &#8211; si on en parlait ?<\/a><\/h2>\n\n<div class=\"wp-block-post-excerpt\"><p class=\"wp-block-post-excerpt__excerpt\">\u200d\ud83d\udc69\u200d\ud83d\udc67\u200d\ud83d\udc66 Outil parentalit\u00e9 &#8211; Cette fiche propose des outils pour accompagner les adultes en situation de handicap dans une r\u00e9flexion autour de la parentalit\u00e9. <\/p><\/div>\n\n<div class=\"wp-block-post-date\"><time datetime=\"2025-09-30T14:34:56+02:00\">30 septembre 2025<\/time><\/div><\/div><\/div>\n\n<\/li><li class=\"wp-block-post post-8407 post type-post status-publish format-standard hentry category-besoins category-besoins-physiologiques category-bien-etre category-non-classe category-sante-alimentation-sommeil-hygiene category-soin-pistes-et-outils-professionnels\">\n\n<div class=\"wp-block-group\" style=\"padding-top:30px;padding-right:30px;padding-bottom:30px;padding-left:30px\"><div class=\"wp-block-group__inner-container is-layout-flow wp-block-group-is-layout-flow\"><h2 class=\"wp-block-post-title\"><a href=\"https:\/\/api-lux.be\/index.php\/2025\/09\/26\/danse-avec-les-poux-mallette-pedagogique\/\" target=\"_self\" >Danse avec les poux &#8211; mallette p\u00e9dagogique<\/a><\/h2>\n\n<div class=\"wp-block-post-excerpt\"><p class=\"wp-block-post-excerpt__excerpt\">\ud83e\ude7a SOIN \u2013 SANTE&#8211; Cette malette vise \u00e0 sensibiliser les enfants (5 \u00e0 11 ans), les parents et les \u00e9ducateurs \u00e0 la probl\u00e9matique des poux de t\u00eate, en proposant des [&hellip;] <\/p><\/div>\n\n<div class=\"wp-block-post-date\"><time datetime=\"2025-09-26T16:32:17+02:00\">26 septembre 2025<\/time><\/div><\/div><\/div>\n\n<\/li><li class=\"wp-block-post post-8400 post type-post status-publish format-standard hentry category-besoins-physiologiques category-bien-etre category-fiches-outils category-fiches-outils-pour-les-aidants-proches category-fiches-outils-pour-les-professionnels category-sante-alimentation-sommeil-hygiene category-soin-pistes-et-outils-professionnels\">\n\n<div class=\"wp-block-group\" style=\"padding-top:30px;padding-right:30px;padding-bottom:30px;padding-left:30px\"><div class=\"wp-block-group__inner-container is-layout-flow wp-block-group-is-layout-flow\"><h2 class=\"wp-block-post-title\"><a href=\"https:\/\/api-lux.be\/index.php\/2025\/09\/26\/comprendre-et-traiter-les-poux-outils-pour-sensibiliser-familles-et-enfants\/\" target=\"_self\" >Comprendre et traiter les poux : outils pour sensibiliser familles et enfants<\/a><\/h2>\n\n<div class=\"wp-block-post-excerpt\"><p class=\"wp-block-post-excerpt__excerpt\">\ud83e\ude7a SOIN \u2013 SANTE &#8211; Un ensemble d\u2019outils ludiques, accessibles et adaptables pour aborder la question des poux avec les enfants et les familles <\/p><\/div>\n\n<div class=\"wp-block-post-date\"><time datetime=\"2025-09-26T15:32:36+02:00\">26 septembre 2025<\/time><\/div><\/div><\/div>\n\n<\/li><li class=\"wp-block-post post-8210 post type-post status-publish format-standard hentry category-amenagement-environnement category-besoins category-besoins-de-securite category-besoins-physiologiques category-fiches-outils category-fiches-outils-pour-les-professionnels category-sante-alimentation-sommeil-hygiene category-soin-pistes-et-outils-professionnels\">\n\n<div class=\"wp-block-group\" style=\"padding-top:30px;padding-right:30px;padding-bottom:30px;padding-left:30px\"><div class=\"wp-block-group__inner-container is-layout-flow wp-block-group-is-layout-flow\"><h2 class=\"wp-block-post-title\"><a href=\"https:\/\/api-lux.be\/index.php\/2025\/08\/21\/handiconnect-fr-devenir-acteur-dune-sante-accessible-et-inclusive\/\" target=\"_self\" >HandiConnect.fr &#8211; Devenir acteur d&rsquo;une sant\u00e9 accessible et inclusive<\/a><\/h2>\n\n<div class=\"wp-block-post-excerpt\"><p class=\"wp-block-post-excerpt__excerpt\">\ud83e\ude7a SOIN \u2013 SANTE &#8211; Plateforme gratuite pour les professionnels de sant\u00e9, HandiConnect.fr propose des outils concrets (fiches, formations, expertise, webinaires) afin de mieux comprendre les besoins sp\u00e9cifiques des personnes [&hellip;] <\/p><\/div>\n\n<div class=\"wp-block-post-date\"><time datetime=\"2025-08-21T15:16:04+02:00\">21 ao\u00fbt 2025<\/time><\/div><\/div><\/div>\n\n<\/li><li class=\"wp-block-post post-8159 post type-post status-publish format-standard hentry category-besoins category-besoins-daccomplissement category-besoins-dappartenance category-fiches-outils category-fiches-outils-pour-les-aidants-proches category-fiches-outils-pour-les-professionnels category-inclusion-sociale-et-reseau-sociaux category-projection\">\n\n<div class=\"wp-block-group\" style=\"padding-top:30px;padding-right:30px;padding-bottom:30px;padding-left:30px\"><div class=\"wp-block-group__inner-container is-layout-flow wp-block-group-is-layout-flow\"><h2 class=\"wp-block-post-title\"><a href=\"https:\/\/api-lux.be\/index.php\/2025\/08\/19\/trouver-sa-voie-les-structures-daccompagnement-a-la-formation-a-lemploi-et-a-linsertion-en-province-du-luxembourg\/\" target=\"_self\" >Trouver sa voie : les structures d\u2019accompagnement \u00e0 la formation, \u00e0 l\u2019emploi et \u00e0 l\u2019insertion en province du Luxembourg<\/a><\/h2>\n\n<div class=\"wp-block-post-excerpt\"><p class=\"wp-block-post-excerpt__excerpt\">\ud83d\udcdd Une fiche pratique pour mieux comprendre les acteurs qui soutiennent les parcours de formation, d&#8217;emploi et d&rsquo;insertion socio-professionnels dans la r\u00e9gion <\/p><\/div>\n\n<div class=\"wp-block-post-date\"><time datetime=\"2025-08-19T08:46:59+02:00\">19 ao\u00fbt 2025<\/time><\/div><\/div><\/div>\n\n<\/li><li class=\"wp-block-post post-8151 post type-post status-publish format-standard hentry category-adaptation-des-apprentissages category-besoins category-besoins-cognitifs category-besoins-daccomplissement category-besoins-dappartenance category-fiches-outils category-fiches-outils-pour-les-aidants-proches category-fiches-outils-pour-les-professionnels category-inclusion-sociale-et-reseau-sociaux category-projection\">\n\n<div class=\"wp-block-group\" style=\"padding-top:30px;padding-right:30px;padding-bottom:30px;padding-left:30px\"><div class=\"wp-block-group__inner-container is-layout-flow wp-block-group-is-layout-flow\"><h2 class=\"wp-block-post-title\"><a href=\"https:\/\/api-lux.be\/index.php\/2025\/08\/18\/les-entreprises-de-formation-par-le-travail-eft-en-province-du-luxembourg\/\" target=\"_self\" >Les Entreprises de Formation par le Travail (EFT) en province du Luxembourg<\/a><\/h2>\n\n<div class=\"wp-block-post-excerpt\"><p class=\"wp-block-post-excerpt__excerpt\">Les EFT offrent aux adultes \u00e9loign\u00e9s du march\u00e9 du travail une seconde chance de se former concr\u00e8tement, sur le terrain <\/p><\/div>\n\n<div class=\"wp-block-post-date\"><time datetime=\"2025-08-18T16:27:33+02:00\">18 ao\u00fbt 2025<\/time><\/div><\/div><\/div>\n\n<\/li><\/ul><\/div>\n","protected":false},"excerpt":{"rendered":"","protected":false},"author":1,"featured_media":0,"parent":0,"menu_order":0,"comment_status":"closed","ping_status":"closed","template":"","meta":{"iawp_total_views":6,"footnotes":""},"class_list":["post-6438","page","type-page","status-publish","hentry"],"_links":{"self":[{"href":"https:\/\/api-lux.be\/index.php\/wp-json\/wp\/v2\/pages\/6438","targetHints":{"allow":["GET"]}}],"collection":[{"href":"https:\/\/api-lux.be\/index.php\/wp-json\/wp\/v2\/pages"}],"about":[{"href":"https:\/\/api-lux.be\/index.php\/wp-json\/wp\/v2\/types\/page"}],"author":[{"embeddable":true,"href":"https:\/\/api-lux.be\/index.php\/wp-json\/wp\/v2\/users\/1"}],"replies":[{"embeddable":true,"href":"https:\/\/api-lux.be\/index.php\/wp-json\/wp\/v2\/comments?post=6438"}],"version-history":[{"count":1,"href":"https:\/\/api-lux.be\/index.php\/wp-json\/wp\/v2\/pages\/6438\/revisions"}],"predecessor-version":[{"id":6439,"href":"https:\/\/api-lux.be\/index.php\/wp-json\/wp\/v2\/pages\/6438\/revisions\/6439"}],"wp:attachment":[{"href":"https:\/\/api-lux.be\/index.php\/wp-json\/wp\/v2\/media?parent=6438"}],"curies":[{"name":"wp","href":"https:\/\/api.w.org\/{rel}","templated":true}]}}

<div class="wp-block-query is-layout-flow wp-block-query-is-layout-flow"><ul class="columns-3 wp-block-post-template is-layout-grid wp-container-core-post-template-is-layout-2fc57c17 wp-block-post-template-is-layout-grid"><li class="wp-block-post post-8461 post type-post status-publish format-standard hentry category-besoins category-besoins-dappartenance category-besoins-physiologiques category-fiches-outils category-fiches-outils-pour-les-aidants-proches category-fiches-outils-pour-les-professionnels category-inclusion-sociale-et-reseau-sociaux category-soin-pistes-et-outils-professionnels">

<div class="wp-block-group" style="padding-top:30px;padding-right:30px;padding-bottom:30px;padding-left:30px"><div class="wp-block-group__inner-container is-layout-flow wp-block-group-is-layout-flow"><h2 class="wp-block-post-title"><a href="https://api-lux.be/index.php/2025/11/24/smap-lux-plateforme-repertoire-et-outils-dorientation-en-sante-mentale/" target="_self" >SMap-Lux — Plateforme: répertoire et outils d’orientation en santé mentale</a></h2>

<div class="wp-block-post-excerpt"><p class="wp-block-post-excerpt__excerpt">🌐 Plateforme numérique simple et accessible permettant de s’orienter dans les services de santé mentale en province de Luxembourg.🧭 Elle offre un répertoire clair et des outils d’aide à l’orientation [&hellip;] </p></div>

<div class="wp-block-post-date"><time datetime="2025-11-24T09:28:10+01:00">24 novembre 2025</time></div></div></div>

</li><li class="wp-block-post post-8423 post type-post status-publish format-standard hentry category-besoins category-communication category-fiches-outils category-fiches-outils-pour-les-aidants-proches category-fiches-outils-pour-les-professionnels">

<div class="wp-block-group" style="padding-top:30px;padding-right:30px;padding-bottom:30px;padding-left:30px"><div class="wp-block-group__inner-container is-layout-flow wp-block-group-is-layout-flow"><h2 class="wp-block-post-title"><a href="https://api-lux.be/index.php/2025/10/21/comalso-association-de-promotion-la-communication-alternative-et-augmentative-caa/" target="_self" >Comalso – association de promotion la communication alternative et augmentative (CAA)</a></h2>

<div class="wp-block-post-excerpt"><p class="wp-block-post-excerpt__excerpt">🗣️ COMMUNICATION &#8211; Comalso est une association belge qui œuvre pour que toute personne privée de langage oral accède à une communication adaptée et inclusive. </p></div>

<div class="wp-block-post-date"><time datetime="2025-10-21T15:36:28+02:00">21 octobre 2025</time></div></div></div>

</li><li class="wp-block-post post-8420 post type-post status-publish format-standard hentry category-adaptation-des-apprentissages category-besoins category-besoins-cognitifs category-fiches-outils category-fiches-outils-pour-les-aidants-proches category-fiches-outils-pour-les-professionnels">

<div class="wp-block-group" style="padding-top:30px;padding-right:30px;padding-bottom:30px;padding-left:30px"><div class="wp-block-group__inner-container is-layout-flow wp-block-group-is-layout-flow"><h2 class="wp-block-post-title"><a href="https://api-lux.be/index.php/2025/10/21/materiel-pour-faciliter-la-lecture-les-editeurs-atypiques-vers-une-lecture-vraiment-accessible-a-tous/" target="_self" >Matériel pour faciliter la lecture: Les Éditeurs Atypiques – Vers une lecture vraiment accessible à tous</a></h2>

<div class="wp-block-post-excerpt"><p class="wp-block-post-excerpt__excerpt">📚 Aménagement scolaire &#8211; Collectif de maisons d’édition spécialisées dans les livres adaptés aux besoins spécifiques de lecture (troubles DYS, autisme, déficiences sensorielles ou intellectuelles). </p></div>

<div class="wp-block-post-date"><time datetime="2025-10-21T15:07:19+02:00">21 octobre 2025</time></div></div></div>

</li><li class="wp-block-post post-8417 post type-post status-publish format-standard hentry category-adaptation-des-apprentissages category-besoins-cognitifs category-fiches-outils category-fiches-outils-pour-les-aidants-proches category-fiches-outils-pour-les-professionnels category-materiel-specifique category-outils-pedagogiques-pour-les-pro">

<div class="wp-block-group" style="padding-top:30px;padding-right:30px;padding-bottom:30px;padding-left:30px"><div class="wp-block-group__inner-container is-layout-flow wp-block-group-is-layout-flow"><h2 class="wp-block-post-title"><a href="https://api-lux.be/index.php/2025/10/21/materiel-pour-faciliter-la-lecture-adabam-editions-de-lecture-adaptee-pour-tous/" target="_self" >Matériel pour faciliter la lecture: Adabam – Éditions de lecture adaptée pour tous</a></h2>

<div class="wp-block-post-excerpt"><p class="wp-block-post-excerpt__excerpt">📚 Aménagement scolaire &#8211; Adabam est une maison d’édition spécialisée dans les livres adaptés aux jeunes lecteurs en difficulté. Elle propose des outils concrets et bienveillants pour favoriser l’accès à [&hellip;] </p></div>

<div class="wp-block-post-date"><time datetime="2025-10-21T13:54:48+02:00">21 octobre 2025</time></div></div></div>

</li><li class="wp-block-post post-8411 post type-post status-publish format-standard hentry category-besoins category-besoins-daccomplissement category-besoins-dappartenance category-fiches-outils category-fiches-outils-pour-les-professionnels category-non-classe category-vie-affective">

<div class="wp-block-group" style="padding-top:30px;padding-right:30px;padding-bottom:30px;padding-left:30px"><div class="wp-block-group__inner-container is-layout-flow wp-block-group-is-layout-flow"><h2 class="wp-block-post-title"><a href="https://api-lux.be/index.php/2025/09/30/handicap-et-parentalite-si-on-en-parlait/" target="_self" >Handicap et parentalité &#8211; si on en parlait ?</a></h2>

<div class="wp-block-post-excerpt"><p class="wp-block-post-excerpt__excerpt">‍👩‍👧‍👦 Outil parentalité &#8211; Cette fiche propose des outils pour accompagner les adultes en situation de handicap dans une réflexion autour de la parentalité. </p></div>

<div class="wp-block-post-date"><time datetime="2025-09-30T14:34:56+02:00">30 septembre 2025</time></div></div></div>

</li><li class="wp-block-post post-8407 post type-post status-publish format-standard hentry category-besoins category-besoins-physiologiques category-bien-etre category-non-classe category-sante-alimentation-sommeil-hygiene category-soin-pistes-et-outils-professionnels">

<div class="wp-block-group" style="padding-top:30px;padding-right:30px;padding-bottom:30px;padding-left:30px"><div class="wp-block-group__inner-container is-layout-flow wp-block-group-is-layout-flow"><h2 class="wp-block-post-title"><a href="https://api-lux.be/index.php/2025/09/26/danse-avec-les-poux-mallette-pedagogique/" target="_self" >Danse avec les poux &#8211; mallette pédagogique</a></h2>

<div class="wp-block-post-excerpt"><p class="wp-block-post-excerpt__excerpt">🩺 SOIN – SANTE&#8211; Cette malette vise à sensibiliser les enfants (5 à 11 ans), les parents et les éducateurs à la problématique des poux de tête, en proposant des [&hellip;] </p></div>

<div class="wp-block-post-date"><time datetime="2025-09-26T16:32:17+02:00">26 septembre 2025</time></div></div></div>

</li><li class="wp-block-post post-8400 post type-post status-publish format-standard hentry category-besoins-physiologiques category-bien-etre category-fiches-outils category-fiches-outils-pour-les-aidants-proches category-fiches-outils-pour-les-professionnels category-sante-alimentation-sommeil-hygiene category-soin-pistes-et-outils-professionnels">

<div class="wp-block-group" style="padding-top:30px;padding-right:30px;padding-bottom:30px;padding-left:30px"><div class="wp-block-group__inner-container is-layout-flow wp-block-group-is-layout-flow"><h2 class="wp-block-post-title"><a href="https://api-lux.be/index.php/2025/09/26/comprendre-et-traiter-les-poux-outils-pour-sensibiliser-familles-et-enfants/" target="_self" >Comprendre et traiter les poux : outils pour sensibiliser familles et enfants</a></h2>

<div class="wp-block-post-excerpt"><p class="wp-block-post-excerpt__excerpt">🩺 SOIN – SANTE &#8211; Un ensemble d’outils ludiques, accessibles et adaptables pour aborder la question des poux avec les enfants et les familles </p></div>

<div class="wp-block-post-date"><time datetime="2025-09-26T15:32:36+02:00">26 septembre 2025</time></div></div></div>

</li><li class="wp-block-post post-8210 post type-post status-publish format-standard hentry category-amenagement-environnement category-besoins category-besoins-de-securite category-besoins-physiologiques category-fiches-outils category-fiches-outils-pour-les-professionnels category-sante-alimentation-sommeil-hygiene category-soin-pistes-et-outils-professionnels">

<div class="wp-block-group" style="padding-top:30px;padding-right:30px;padding-bottom:30px;padding-left:30px"><div class="wp-block-group__inner-container is-layout-flow wp-block-group-is-layout-flow"><h2 class="wp-block-post-title"><a href="https://api-lux.be/index.php/2025/08/21/handiconnect-fr-devenir-acteur-dune-sante-accessible-et-inclusive/" target="_self" >HandiConnect.fr &#8211; Devenir acteur d&rsquo;une santé accessible et inclusive</a></h2>

<div class="wp-block-post-excerpt"><p class="wp-block-post-excerpt__excerpt">🩺 SOIN – SANTE &#8211; Plateforme gratuite pour les professionnels de santé, HandiConnect.fr propose des outils concrets (fiches, formations, expertise, webinaires) afin de mieux comprendre les besoins spécifiques des personnes [&hellip;] </p></div>

<div class="wp-block-post-date"><time datetime="2025-08-21T15:16:04+02:00">21 août 2025</time></div></div></div>

</li><li class="wp-block-post post-8159 post type-post status-publish format-standard hentry category-besoins category-besoins-daccomplissement category-besoins-dappartenance category-fiches-outils category-fiches-outils-pour-les-aidants-proches category-fiches-outils-pour-les-professionnels category-inclusion-sociale-et-reseau-sociaux category-projection">

<div class="wp-block-group" style="padding-top:30px;padding-right:30px;padding-bottom:30px;padding-left:30px"><div class="wp-block-group__inner-container is-layout-flow wp-block-group-is-layout-flow"><h2 class="wp-block-post-title"><a href="https://api-lux.be/index.php/2025/08/19/trouver-sa-voie-les-structures-daccompagnement-a-la-formation-a-lemploi-et-a-linsertion-en-province-du-luxembourg/" target="_self" >Trouver sa voie : les structures d’accompagnement à la formation, à l’emploi et à l’insertion en province du Luxembourg</a></h2>

<div class="wp-block-post-excerpt"><p class="wp-block-post-excerpt__excerpt">📝 Une fiche pratique pour mieux comprendre les acteurs qui soutiennent les parcours de formation, d&#8217;emploi et d&rsquo;insertion socio-professionnels dans la région </p></div>

<div class="wp-block-post-date"><time datetime="2025-08-19T08:46:59+02:00">19 août 2025</time></div></div></div>

</li><li class="wp-block-post post-8151 post type-post status-publish format-standard hentry category-adaptation-des-apprentissages category-besoins category-besoins-cognitifs category-besoins-daccomplissement category-besoins-dappartenance category-fiches-outils category-fiches-outils-pour-les-aidants-proches category-fiches-outils-pour-les-professionnels category-inclusion-sociale-et-reseau-sociaux category-projection">

<div class="wp-block-group" style="padding-top:30px;padding-right:30px;padding-bottom:30px;padding-left:30px"><div class="wp-block-group__inner-container is-layout-flow wp-block-group-is-layout-flow"><h2 class="wp-block-post-title"><a href="https://api-lux.be/index.php/2025/08/18/les-entreprises-de-formation-par-le-travail-eft-en-province-du-luxembourg/" target="_self" >Les Entreprises de Formation par le Travail (EFT) en province du Luxembourg</a></h2>

<div class="wp-block-post-excerpt"><p class="wp-block-post-excerpt__excerpt">Les EFT offrent aux adultes éloignés du marché du travail une seconde chance de se former concrètement, sur le terrain </p></div>

<div class="wp-block-post-date"><time datetime="2025-08-18T16:27:33+02:00">18 août 2025</time></div></div></div>

</li></ul></div>
