{"id":32,"date":"2024-11-10T11:03:24","date_gmt":"2024-11-10T10:03:24","guid":{"rendered":"http:\/\/localhost\/mdi_w\/?page_id=32"},"modified":"2025-10-30T11:33:39","modified_gmt":"2025-10-30T10:33:39","slug":"contact","status":"publish","type":"page","link":"https:\/\/api-lux.be\/index.php\/contact\/","title":{"rendered":"Contact"},"content":{"rendered":"\n<p>Notre \u00e9quipe est \u00e0 votre \u00e9coute pour r\u00e9pondre \u00e0 toutes vos questions et vous accompagner dans vos recherches d&rsquo;informations.<\/p>\n\n\n\n<p>Nous sommes \u00e9galement ouverts \u00e0 vos suggestions: si vous connaissez un outil, une ressource ou une approche qui pourrait enrichir notre plateforme et b\u00e9n\u00e9ficier \u00e0 d&rsquo;autres, n&rsquo;h\u00e9sitez pas \u00e0 nous le partager. Vous pouvez nous contacter par t\u00e9l\u00e9phone, par mail ou en remplissant le formulaire ci-dessous : <\/p>\n\n\n\n<!-- ===== CONTACT GENERAL ===== -->\n<div class=\"contact-general\">\n  <div class=\"contact-container\">\n    <p class=\"contact-tel\">\ud83d\udcde <a href=\"tel:0490084563\">0490.08.45.63<\/a><\/p>\n    <p class=\"contact-mail\">\ud83d\udce7 <a href=\"mailto:contact@api-lux.be\">contact@api-lux.be<\/a><\/p>\n  <\/div>\n<\/div>\n\n\n\n<div class=\"wpcf7 no-js\" id=\"wpcf7-f30-o1\" lang=\"fr-BE\" dir=\"ltr\" data-wpcf7-id=\"30\">\n<div class=\"screen-reader-response\"><p role=\"status\" aria-live=\"polite\" aria-atomic=\"true\"><\/p> <ul><\/ul><\/div>\n<form action=\"\/index.php\/wp-json\/wp\/v2\/pages\/32#wpcf7-f30-o1\" method=\"post\" class=\"wpcf7-form init\" aria-label=\"Contact form\" novalidate=\"novalidate\" data-status=\"init\">\n<div style=\"display: none;\">\n<input type=\"hidden\" name=\"_wpcf7\" value=\"30\" \/>\n<input type=\"hidden\" name=\"_wpcf7_version\" value=\"6.0.6\" \/>\n<input type=\"hidden\" name=\"_wpcf7_locale\" value=\"fr_BE\" \/>\n<input type=\"hidden\" name=\"_wpcf7_unit_tag\" value=\"wpcf7-f30-o1\" \/>\n<input type=\"hidden\" name=\"_wpcf7_container_post\" value=\"0\" \/>\n<input type=\"hidden\" name=\"_wpcf7_posted_data_hash\" value=\"\" \/>\n<\/div>\n<div class=\"form-api-lux full-width\">\n\t<h2><i class=\"fas fa-envelope\"><\/i> Contactez-nous\n\t<\/h2>\n\t<p><label>Votre nom<br \/>\n<span class=\"wpcf7-form-control-wrap\" data-name=\"your-name\"><input size=\"40\" maxlength=\"400\" class=\"wpcf7-form-control wpcf7-text wpcf7-validates-as-required\" aria-required=\"true\" aria-invalid=\"false\" placeholder=\"Votre nom\" value=\"\" type=\"text\" name=\"your-name\" \/><\/span><br \/>\n<\/label>\n\t<\/p>\n\t<p><label>Votre e-mail<br \/>\n<span class=\"wpcf7-form-control-wrap\" data-name=\"your-email\"><input size=\"40\" maxlength=\"400\" class=\"wpcf7-form-control wpcf7-email wpcf7-validates-as-required wpcf7-text wpcf7-validates-as-email\" aria-required=\"true\" aria-invalid=\"false\" placeholder=\"Votre e-mail\" value=\"\" type=\"email\" name=\"your-email\" \/><\/span><br \/>\n<\/label>\n\t<\/p>\n\t<p><label>Objet<br \/>\n<span class=\"wpcf7-form-control-wrap\" data-name=\"your-subject\"><input size=\"40\" maxlength=\"400\" class=\"wpcf7-form-control wpcf7-text wpcf7-validates-as-required\" aria-required=\"true\" aria-invalid=\"false\" placeholder=\"Objet\" value=\"\" type=\"text\" name=\"your-subject\" \/><\/span><br \/>\n<\/label>\n\t<\/p>\n\t<p><label>Votre message (facultatif)<br \/>\n<span class=\"wpcf7-form-control-wrap\" data-name=\"your-message\"><textarea cols=\"40\" rows=\"10\" maxlength=\"2000\" class=\"wpcf7-form-control wpcf7-textarea\" aria-invalid=\"false\" placeholder=\"Votre message\" name=\"your-message\"><\/textarea><\/span><br \/>\n<\/label>\n\t<\/p>\n\t<div class=\"submit-btn\">\n\t\t<p><input class=\"wpcf7-form-control wpcf7-submit has-spinner\" type=\"submit\" value=\"\u2709\ufe0f Envoyer le message\" \/>\n\t\t<\/p>\n\t<\/div>\n<\/div><div class=\"wpcf7-response-output\" aria-hidden=\"true\"><\/div>\n<\/form>\n<\/div>\n\n\n\n\n<!-- ===== EQUIPE ===== -->\n<div class=\"equipe-api-lux\">\n  <h2><i class=\"fas fa-users\"><\/i> Notre \u00e9quipe<\/h2>\n\n  <div class=\"carte-membre\">\n    <h3>PR\u00c9GNON M\u00e9lina<\/h3>\n    <p>\ud83d\udcde 0496\/88.14.78<\/p>\n    <p>\ud83d\udce7 melina.pregnon@api-lux.be<\/p>\n  <\/div>\n\n  <div class=\"carte-membre\">\n    <h3>CLETTE H\u00e9l\u00e8ne<\/h3>\n    <p>\ud83d\udcde 0485\/24.66.90<\/p>\n    <p>\ud83d\udce7 helene.clette@api-lux.be<\/p>\n  <\/div>\n\n  <div class=\"carte-membre\">\n    <h3>GOEBEL Laurence<\/h3>\n    <p>\ud83d\udcde 0455\/19.35.32<\/p>\n    <p>\ud83d\udce7 laurence.goebel@api-lux.be<\/p>\n  <\/div>\n\n  <div class=\"carte-membre\">\n    <h3>BOITEUX Aline<\/h3>\n    <p>\ud83d\udcde 0455\/19.35.30<\/p>\n    <p>\ud83d\udce7 aline.boiteux@api-lux.be<\/p>\n  <\/div>\n<\/div>\n\n<style>\n\/* ===== CONTACT GENERAL ===== *\/\n.contact-general {\n  background-color: #f0f4f9; \/* l\u00e9ger fond clair pour le s\u00e9parer *\/\n  border-top: 4px solid #003366;\n  border-bottom: 4px solid #003366;\n  padding: 25px 0;\n  margin-bottom: 40px;\n  text-align: center;\n}\n\n.contact-container p {\n  margin: 8px 0;\n  font-size: 1.8em;\n  font-weight: bold;\n  color: #003366;\n}\n\n.contact-container a {\n  color: #003366;\n  text-decoration: none;\n}\n\n.contact-container a:hover {\n  text-decoration: underline;\n}\n\n\/* ===== EQUIPE ===== *\/\n.equipe-api-lux {\n  text-align: center;\n}\n\n.equipe-api-lux h2 {\n  color: #003366;\n  margin-bottom: 20px;\n}\n\n.carte-membre {\n  display: inline-block;\n  text-align: left;\n  margin: 15px;\n  vertical-align: top;\n}\n\n.carte-membre h3 {\n  margin-bottom: 5px;\n  color: #003366;\n  font-size: 1.1em;\n}\n\n.carte-membre p {\n  margin: 3px 0;\n  font-size: 0.95em;\n  color: #333;\n}\n<\/style>\n\n","protected":false},"excerpt":{"rendered":"<p>Notre \u00e9quipe est \u00e0 votre \u00e9coute pour r\u00e9pondre \u00e0 toutes vos questions et vous accompagner dans vos recherches d&rsquo;informations. Nous sommes \u00e9galement ouverts \u00e0 vos suggestions: si vous connaissez un [&hellip;]<\/p>\n","protected":false},"author":1,"featured_media":0,"parent":0,"menu_order":0,"comment_status":"closed","ping_status":"closed","template":"","meta":{"iawp_total_views":585,"footnotes":""},"class_list":["post-32","page","type-page","status-publish","hentry"],"_links":{"self":[{"href":"https:\/\/api-lux.be\/index.php\/wp-json\/wp\/v2\/pages\/32","targetHints":{"allow":["GET"]}}],"collection":[{"href":"https:\/\/api-lux.be\/index.php\/wp-json\/wp\/v2\/pages"}],"about":[{"href":"https:\/\/api-lux.be\/index.php\/wp-json\/wp\/v2\/types\/page"}],"author":[{"embeddable":true,"href":"https:\/\/api-lux.be\/index.php\/wp-json\/wp\/v2\/users\/1"}],"replies":[{"embeddable":true,"href":"https:\/\/api-lux.be\/index.php\/wp-json\/wp\/v2\/comments?post=32"}],"version-history":[{"count":33,"href":"https:\/\/api-lux.be\/index.php\/wp-json\/wp\/v2\/pages\/32\/revisions"}],"predecessor-version":[{"id":8455,"href":"https:\/\/api-lux.be\/index.php\/wp-json\/wp\/v2\/pages\/32\/revisions\/8455"}],"wp:attachment":[{"href":"https:\/\/api-lux.be\/index.php\/wp-json\/wp\/v2\/media?parent=32"}],"curies":[{"name":"wp","href":"https:\/\/api.w.org\/{rel}","templated":true}]}}