{"id":156,"date":"2024-12-10T09:55:11","date_gmt":"2024-12-10T08:55:11","guid":{"rendered":"http:\/\/localhost\/mdi_w\/?page_id=156"},"modified":"2025-09-23T11:02:28","modified_gmt":"2025-09-23T09:02:28","slug":"ensemble-des-fiches-outils","status":"publish","type":"page","link":"https:\/\/api-lux.be\/index.php\/ensemble-des-fiches-outils\/","title":{"rendered":"Ensemble des fiches outils"},"content":{"rendered":"\n<p>Le d\u00e9ficit intellectuel n\u00e9cessite un accompagnement individualis\u00e9. Pour soutenir au mieux les enfants et adolescents concern\u00e9s, les professionnels et proches aidants ont besoin d\u2019outils concrets et adapt\u00e9s. Cette s\u00e9lection de fiches pratiques offre des informations claires et des conseils utiles pour favoriser le bien-\u00eatre de chaque enfant.<\/p>\n\n\n\n<!DOCTYPE html>\n<html lang=\"fr\">\n<head>\n  <meta charset=\"UTF-8\">\n  <title>API-Lux &#8211; Outils<\/title>\n  <style>\n    body {\n      margin: 0;\n      font-family: 'Open Sans', sans-serif;\n    }\n    .tools-section {\n      display: flex;\n      flex-wrap: wrap;\n      justify-content: center;\n      gap: 20px;\n      margin: 30px auto;\n      max-width: 1000px;\n    }\n    .tool-button {\n      flex: 1 1 300px;\n      display: flex;\n      flex-direction: column;\n      align-items: center;\n      justify-content: center;\n      padding: 20px;\n      border-radius: 16px;\n      text-decoration: none;\n      font-weight: bold;\n      font-size: 1.1rem;\n      transition: 0.3s;\n      box-shadow: 0 4px 10px rgba(0,0,0,0.1);\n      background-color: #383d75;\n      color: #fa526c;\n      text-align: center;\n    }\n    .tool-button img {\n      max-height: 60px;\n      margin-bottom: 10px;\n    }\n    .tool-button:hover {\n      transform: translateY(-8px);\n      box-shadow: 0 8px 20px rgba(0,0,0,0.2);\n    }\n    @media (max-width: 768px) {\n      .tools-section {\n        flex-direction: column;\n        align-items: stretch;\n      }\n    }\n  <\/style>\n<\/head>\n<body>\n  <div class=\"tools-section\">\n    <a class=\"tool-button\" href=\"https:\/\/api-lux.be\/index.php\/ensemble-des-fiches-outils\/outils-pour-les-professionnels\/\">\n      <img decoding=\"async\" src=\"https:\/\/api-lux.be\/wp-content\/uploads\/2025\/04\/ChatGPT-Image-23-avr.-2025-10_32_43-1.png\" alt=\"Pro\">\n      Outils pour les professionnels\n    <\/a>\n    <a class=\"tool-button\" href=\"https:\/\/api-lux.be\/index.php\/ensemble-des-fiches-outils\/outils-pour-les-aidants-proches\/\">\n      <img decoding=\"async\" src=\"https:\/\/api-lux.be\/wp-content\/uploads\/2025\/04\/famille-enfant-bouton-1-1.png\" alt=\"Aidant\">\n      Outils pour les aidants proches\n    <\/a>\n    <a class=\"tool-button\" href=\"https:\/\/api-lux.be\/index.php\/ensemble-des-fiches-outils\/outils-pour-les-jeunes\/\">\n      <img decoding=\"async\" src=\"https:\/\/api-lux.be\/wp-content\/uploads\/2025\/04\/ChatGPT-Image-25-avr.-2025-a-08_50_57.png\" alt=\"Jeune\">\n      Soutien pour les jeunes\n    <\/a>\n  <\/div>\n<\/body>\n<\/html>\n\n\n\n<p class=\"has-background has-medium-font-size\" style=\"background-color:#febd6d\"><strong>Explorez la liste compl\u00e8te des ressources con\u00e7ues pour vous accompagner :<\/strong><\/p>\n\n\n\n<div class=\"wp-block-query is-layout-flow wp-block-query-is-layout-flow\"><ul class=\"wp-block-post-template is-layout-flow wp-block-post-template-is-layout-flow\"><li class=\"wp-block-post post-8461 post type-post status-publish format-standard hentry category-besoins category-besoins-dappartenance category-besoins-physiologiques category-fiches-outils category-fiches-outils-pour-les-aidants-proches category-fiches-outils-pour-les-professionnels category-inclusion-sociale-et-reseau-sociaux category-soin-pistes-et-outils-professionnels\">\n<h2 class=\"wp-block-post-title\"><a href=\"https:\/\/api-lux.be\/index.php\/2025\/11\/24\/smap-lux-plateforme-repertoire-et-outils-dorientation-en-sante-mentale\/\" target=\"_self\" >SMap-Lux \u2014 Plateforme: r\u00e9pertoire et outils d\u2019orientation en sant\u00e9 mentale<\/a><\/h2>\n\n\n\n<div class=\"wp-block-post-excerpt\"><p class=\"wp-block-post-excerpt__excerpt\">\ud83c\udf10 Plateforme num\u00e9rique simple et accessible permettant de s\u2019orienter dans les services de sant\u00e9 mentale en province de Luxembourg.\ud83e\udded Elle offre un r\u00e9pertoire clair et des outils d\u2019aide \u00e0 l\u2019orientation [&hellip;] <\/p><\/div>\n\n\n<hr class=\"wp-block-separator has-css-opacity\"\/>\n\n\n<div class=\"wp-block-post-date\"><time datetime=\"2025-11-24T09:28:10+01:00\">24 novembre 2025<\/time><\/div>\n<\/li><li class=\"wp-block-post post-8423 post type-post status-publish format-standard hentry category-besoins category-communication category-fiches-outils category-fiches-outils-pour-les-aidants-proches category-fiches-outils-pour-les-professionnels\">\n<h2 class=\"wp-block-post-title\"><a href=\"https:\/\/api-lux.be\/index.php\/2025\/10\/21\/comalso-association-de-promotion-la-communication-alternative-et-augmentative-caa\/\" target=\"_self\" >Comalso \u2013 association de promotion la communication alternative et augmentative (CAA)<\/a><\/h2>\n\n\n\n<div class=\"wp-block-post-excerpt\"><p class=\"wp-block-post-excerpt__excerpt\">\ud83d\udde3\ufe0f COMMUNICATION &#8211; Comalso est une association belge qui \u0153uvre pour que toute personne priv\u00e9e de langage oral acc\u00e8de \u00e0 une communication adapt\u00e9e et inclusive. <\/p><\/div>\n\n\n<hr class=\"wp-block-separator has-css-opacity\"\/>\n\n\n<div class=\"wp-block-post-date\"><time datetime=\"2025-10-21T15:36:28+02:00\">21 octobre 2025<\/time><\/div>\n<\/li><li class=\"wp-block-post post-8420 post type-post status-publish format-standard hentry category-adaptation-des-apprentissages category-besoins category-besoins-cognitifs category-fiches-outils category-fiches-outils-pour-les-aidants-proches category-fiches-outils-pour-les-professionnels\">\n<h2 class=\"wp-block-post-title\"><a href=\"https:\/\/api-lux.be\/index.php\/2025\/10\/21\/materiel-pour-faciliter-la-lecture-les-editeurs-atypiques-vers-une-lecture-vraiment-accessible-a-tous\/\" target=\"_self\" >Mat\u00e9riel pour faciliter la lecture: Les \u00c9diteurs Atypiques \u2013 Vers une lecture vraiment accessible \u00e0 tous<\/a><\/h2>\n\n\n\n<div class=\"wp-block-post-excerpt\"><p class=\"wp-block-post-excerpt__excerpt\">\ud83d\udcda Am\u00e9nagement scolaire &#8211; Collectif de maisons d\u2019\u00e9dition sp\u00e9cialis\u00e9es dans les livres adapt\u00e9s aux besoins sp\u00e9cifiques de lecture (troubles DYS, autisme, d\u00e9ficiences sensorielles ou intellectuelles). <\/p><\/div>\n\n\n<hr class=\"wp-block-separator has-css-opacity\"\/>\n\n\n<div class=\"wp-block-post-date\"><time datetime=\"2025-10-21T15:07:19+02:00\">21 octobre 2025<\/time><\/div>\n<\/li><li class=\"wp-block-post post-8417 post type-post status-publish format-standard hentry category-adaptation-des-apprentissages category-besoins-cognitifs category-fiches-outils category-fiches-outils-pour-les-aidants-proches category-fiches-outils-pour-les-professionnels category-materiel-specifique category-outils-pedagogiques-pour-les-pro\">\n<h2 class=\"wp-block-post-title\"><a href=\"https:\/\/api-lux.be\/index.php\/2025\/10\/21\/materiel-pour-faciliter-la-lecture-adabam-editions-de-lecture-adaptee-pour-tous\/\" target=\"_self\" >Mat\u00e9riel pour faciliter la lecture: Adabam \u2013 \u00c9ditions de lecture adapt\u00e9e pour tous<\/a><\/h2>\n\n\n\n<div class=\"wp-block-post-excerpt\"><p class=\"wp-block-post-excerpt__excerpt\">\ud83d\udcda Am\u00e9nagement scolaire &#8211; Adabam est une maison d\u2019\u00e9dition sp\u00e9cialis\u00e9e dans les livres adapt\u00e9s aux jeunes lecteurs en difficult\u00e9. Elle propose des outils concrets et bienveillants pour favoriser l\u2019acc\u00e8s \u00e0 [&hellip;] <\/p><\/div>\n\n\n<hr class=\"wp-block-separator has-css-opacity\"\/>\n\n\n<div class=\"wp-block-post-date\"><time datetime=\"2025-10-21T13:54:48+02:00\">21 octobre 2025<\/time><\/div>\n<\/li><li class=\"wp-block-post post-8411 post type-post status-publish format-standard hentry category-besoins category-besoins-daccomplissement category-besoins-dappartenance category-fiches-outils category-fiches-outils-pour-les-professionnels category-non-classe category-vie-affective\">\n<h2 class=\"wp-block-post-title\"><a href=\"https:\/\/api-lux.be\/index.php\/2025\/09\/30\/handicap-et-parentalite-si-on-en-parlait\/\" target=\"_self\" >Handicap et parentalit\u00e9 &#8211; si on en parlait ?<\/a><\/h2>\n\n\n\n<div class=\"wp-block-post-excerpt\"><p class=\"wp-block-post-excerpt__excerpt\">\u200d\ud83d\udc69\u200d\ud83d\udc67\u200d\ud83d\udc66 Outil parentalit\u00e9 &#8211; Cette fiche propose des outils pour accompagner les adultes en situation de handicap dans une r\u00e9flexion autour de la parentalit\u00e9. <\/p><\/div>\n\n\n<hr class=\"wp-block-separator has-css-opacity\"\/>\n\n\n<div class=\"wp-block-post-date\"><time datetime=\"2025-09-30T14:34:56+02:00\">30 septembre 2025<\/time><\/div>\n<\/li><li class=\"wp-block-post post-8400 post type-post status-publish format-standard hentry category-besoins-physiologiques category-bien-etre category-fiches-outils category-fiches-outils-pour-les-aidants-proches category-fiches-outils-pour-les-professionnels category-sante-alimentation-sommeil-hygiene category-soin-pistes-et-outils-professionnels\">\n<h2 class=\"wp-block-post-title\"><a href=\"https:\/\/api-lux.be\/index.php\/2025\/09\/26\/comprendre-et-traiter-les-poux-outils-pour-sensibiliser-familles-et-enfants\/\" target=\"_self\" >Comprendre et traiter les poux : outils pour sensibiliser familles et enfants<\/a><\/h2>\n\n\n\n<div class=\"wp-block-post-excerpt\"><p class=\"wp-block-post-excerpt__excerpt\">\ud83e\ude7a SOIN \u2013 SANTE &#8211; Un ensemble d\u2019outils ludiques, accessibles et adaptables pour aborder la question des poux avec les enfants et les familles <\/p><\/div>\n\n\n<hr class=\"wp-block-separator has-css-opacity\"\/>\n\n\n<div class=\"wp-block-post-date\"><time datetime=\"2025-09-26T15:32:36+02:00\">26 septembre 2025<\/time><\/div>\n<\/li><\/ul>\n\n<nav style=\"color:#fa526c;\" class=\"has-link-color aligncenter wp-elements-5fbc8325c12fe264bbb7139f47c868e6 wp-block-query-pagination has-text-color is-layout-flex wp-block-query-pagination-is-layout-flex\" aria-label=\"Pagination\">\n\n\n<div class=\"wp-block-query-pagination-numbers\"><span aria-current=\"page\" class=\"page-numbers current\">1<\/span>\n<a class=\"page-numbers\" href=\"?query-20-page=2\">2<\/a>\n<a class=\"page-numbers\" href=\"?query-20-page=3\">3<\/a>\n<span class=\"page-numbers dots\">\u2026<\/span>\n<a class=\"page-numbers\" href=\"?query-20-page=47\">47<\/a><\/div>\n\n<a href=\"\/index.php\/wp-json\/wp\/v2\/pages\/156?query-20-page=2\" class=\"wp-block-query-pagination-next\">Page suivante<\/a>\n<\/nav><\/div>\n\n\n\n<p><\/p>\n","protected":false},"excerpt":{"rendered":"<p>Le d\u00e9ficit intellectuel n\u00e9cessite un accompagnement individualis\u00e9. Pour soutenir au mieux les enfants et adolescents concern\u00e9s, les professionnels et proches aidants ont besoin d\u2019outils concrets et adapt\u00e9s. Cette s\u00e9lection de [&hellip;]<\/p>\n","protected":false},"author":1,"featured_media":0,"parent":0,"menu_order":0,"comment_status":"closed","ping_status":"closed","template":"","meta":{"iawp_total_views":1024,"footnotes":""},"class_list":["post-156","page","type-page","status-publish","hentry"],"_links":{"self":[{"href":"https:\/\/api-lux.be\/index.php\/wp-json\/wp\/v2\/pages\/156","targetHints":{"allow":["GET"]}}],"collection":[{"href":"https:\/\/api-lux.be\/index.php\/wp-json\/wp\/v2\/pages"}],"about":[{"href":"https:\/\/api-lux.be\/index.php\/wp-json\/wp\/v2\/types\/page"}],"author":[{"embeddable":true,"href":"https:\/\/api-lux.be\/index.php\/wp-json\/wp\/v2\/users\/1"}],"replies":[{"embeddable":true,"href":"https:\/\/api-lux.be\/index.php\/wp-json\/wp\/v2\/comments?post=156"}],"version-history":[{"count":23,"href":"https:\/\/api-lux.be\/index.php\/wp-json\/wp\/v2\/pages\/156\/revisions"}],"predecessor-version":[{"id":8386,"href":"https:\/\/api-lux.be\/index.php\/wp-json\/wp\/v2\/pages\/156\/revisions\/8386"}],"wp:attachment":[{"href":"https:\/\/api-lux.be\/index.php\/wp-json\/wp\/v2\/media?parent=156"}],"curies":[{"name":"wp","href":"https:\/\/api.w.org\/{rel}","templated":true}]}}

<p>Le déficit intellectuel nécessite un accompagnement individualisé. Pour soutenir au mieux les enfants et adolescents concernés, les professionnels et proches aidants ont besoin d’outils concrets et adaptés. Cette sélection de fiches pratiques offre des informations claires et des conseils utiles pour favoriser le bien-être de chaque enfant.</p>



<!DOCTYPE html>
<html lang="fr">
<head>
  <meta charset="UTF-8">
  <title>API-Lux &#8211; Outils</title>
  <style>
    body {
      margin: 0;
      font-family: 'Open Sans', sans-serif;
    }
    .tools-section {
      display: flex;
      flex-wrap: wrap;
      justify-content: center;
      gap: 20px;
      margin: 30px auto;
      max-width: 1000px;
    }
    .tool-button {
      flex: 1 1 300px;
      display: flex;
      flex-direction: column;
      align-items: center;
      justify-content: center;
      padding: 20px;
      border-radius: 16px;
      text-decoration: none;
      font-weight: bold;
      font-size: 1.1rem;
      transition: 0.3s;
      box-shadow: 0 4px 10px rgba(0,0,0,0.1);
      background-color: #383d75;
      color: #fa526c;
      text-align: center;
    }
    .tool-button img {
      max-height: 60px;
      margin-bottom: 10px;
    }
    .tool-button:hover {
      transform: translateY(-8px);
      box-shadow: 0 8px 20px rgba(0,0,0,0.2);
    }
    @media (max-width: 768px) {
      .tools-section {
        flex-direction: column;
        align-items: stretch;
      }
    }
  </style>
</head>
<body>
  <div class="tools-section">
    <a class="tool-button" href="https://api-lux.be/index.php/ensemble-des-fiches-outils/outils-pour-les-professionnels/">
      <img decoding="async" src="https://api-lux.be/wp-content/uploads/2025/04/ChatGPT-Image-23-avr.-2025-10_32_43-1.png" alt="Pro">
      Outils pour les professionnels
    </a>
    <a class="tool-button" href="https://api-lux.be/index.php/ensemble-des-fiches-outils/outils-pour-les-aidants-proches/">
      <img decoding="async" src="https://api-lux.be/wp-content/uploads/2025/04/famille-enfant-bouton-1-1.png" alt="Aidant">
      Outils pour les aidants proches
    </a>
    <a class="tool-button" href="https://api-lux.be/index.php/ensemble-des-fiches-outils/outils-pour-les-jeunes/">
      <img decoding="async" src="https://api-lux.be/wp-content/uploads/2025/04/ChatGPT-Image-25-avr.-2025-a-08_50_57.png" alt="Jeune">
      Soutien pour les jeunes
    </a>
  </div>
</body>
</html>



<p class="has-background has-medium-font-size" style="background-color:#febd6d"><strong>Explorez la liste complète des ressources conçues pour vous accompagner :</strong></p>



<div class="wp-block-query is-layout-flow wp-block-query-is-layout-flow"><ul class="wp-block-post-template is-layout-flow wp-block-post-template-is-layout-flow"><li class="wp-block-post post-8461 post type-post status-publish format-standard hentry category-besoins category-besoins-dappartenance category-besoins-physiologiques category-fiches-outils category-fiches-outils-pour-les-aidants-proches category-fiches-outils-pour-les-professionnels category-inclusion-sociale-et-reseau-sociaux category-soin-pistes-et-outils-professionnels">
<h2 class="wp-block-post-title"><a href="https://api-lux.be/index.php/2025/11/24/smap-lux-plateforme-repertoire-et-outils-dorientation-en-sante-mentale/" target="_self" >SMap-Lux — Plateforme: répertoire et outils d’orientation en santé mentale</a></h2>



<div class="wp-block-post-excerpt"><p class="wp-block-post-excerpt__excerpt">🌐 Plateforme numérique simple et accessible permettant de s’orienter dans les services de santé mentale en province de Luxembourg.🧭 Elle offre un répertoire clair et des outils d’aide à l’orientation [&hellip;] </p></div>


<hr class="wp-block-separator has-css-opacity"/>


<div class="wp-block-post-date"><time datetime="2025-11-24T09:28:10+01:00">24 novembre 2025</time></div>
</li><li class="wp-block-post post-8423 post type-post status-publish format-standard hentry category-besoins category-communication category-fiches-outils category-fiches-outils-pour-les-aidants-proches category-fiches-outils-pour-les-professionnels">
<h2 class="wp-block-post-title"><a href="https://api-lux.be/index.php/2025/10/21/comalso-association-de-promotion-la-communication-alternative-et-augmentative-caa/" target="_self" >Comalso – association de promotion la communication alternative et augmentative (CAA)</a></h2>



<div class="wp-block-post-excerpt"><p class="wp-block-post-excerpt__excerpt">🗣️ COMMUNICATION &#8211; Comalso est une association belge qui œuvre pour que toute personne privée de langage oral accède à une communication adaptée et inclusive. </p></div>


<hr class="wp-block-separator has-css-opacity"/>


<div class="wp-block-post-date"><time datetime="2025-10-21T15:36:28+02:00">21 octobre 2025</time></div>
</li><li class="wp-block-post post-8420 post type-post status-publish format-standard hentry category-adaptation-des-apprentissages category-besoins category-besoins-cognitifs category-fiches-outils category-fiches-outils-pour-les-aidants-proches category-fiches-outils-pour-les-professionnels">
<h2 class="wp-block-post-title"><a href="https://api-lux.be/index.php/2025/10/21/materiel-pour-faciliter-la-lecture-les-editeurs-atypiques-vers-une-lecture-vraiment-accessible-a-tous/" target="_self" >Matériel pour faciliter la lecture: Les Éditeurs Atypiques – Vers une lecture vraiment accessible à tous</a></h2>



<div class="wp-block-post-excerpt"><p class="wp-block-post-excerpt__excerpt">📚 Aménagement scolaire &#8211; Collectif de maisons d’édition spécialisées dans les livres adaptés aux besoins spécifiques de lecture (troubles DYS, autisme, déficiences sensorielles ou intellectuelles). </p></div>


<hr class="wp-block-separator has-css-opacity"/>


<div class="wp-block-post-date"><time datetime="2025-10-21T15:07:19+02:00">21 octobre 2025</time></div>
</li><li class="wp-block-post post-8417 post type-post status-publish format-standard hentry category-adaptation-des-apprentissages category-besoins-cognitifs category-fiches-outils category-fiches-outils-pour-les-aidants-proches category-fiches-outils-pour-les-professionnels category-materiel-specifique category-outils-pedagogiques-pour-les-pro">
<h2 class="wp-block-post-title"><a href="https://api-lux.be/index.php/2025/10/21/materiel-pour-faciliter-la-lecture-adabam-editions-de-lecture-adaptee-pour-tous/" target="_self" >Matériel pour faciliter la lecture: Adabam – Éditions de lecture adaptée pour tous</a></h2>



<div class="wp-block-post-excerpt"><p class="wp-block-post-excerpt__excerpt">📚 Aménagement scolaire &#8211; Adabam est une maison d’édition spécialisée dans les livres adaptés aux jeunes lecteurs en difficulté. Elle propose des outils concrets et bienveillants pour favoriser l’accès à [&hellip;] </p></div>


<hr class="wp-block-separator has-css-opacity"/>


<div class="wp-block-post-date"><time datetime="2025-10-21T13:54:48+02:00">21 octobre 2025</time></div>
</li><li class="wp-block-post post-8411 post type-post status-publish format-standard hentry category-besoins category-besoins-daccomplissement category-besoins-dappartenance category-fiches-outils category-fiches-outils-pour-les-professionnels category-non-classe category-vie-affective">
<h2 class="wp-block-post-title"><a href="https://api-lux.be/index.php/2025/09/30/handicap-et-parentalite-si-on-en-parlait/" target="_self" >Handicap et parentalité &#8211; si on en parlait ?</a></h2>



<div class="wp-block-post-excerpt"><p class="wp-block-post-excerpt__excerpt">‍👩‍👧‍👦 Outil parentalité &#8211; Cette fiche propose des outils pour accompagner les adultes en situation de handicap dans une réflexion autour de la parentalité. </p></div>


<hr class="wp-block-separator has-css-opacity"/>


<div class="wp-block-post-date"><time datetime="2025-09-30T14:34:56+02:00">30 septembre 2025</time></div>
</li><li class="wp-block-post post-8400 post type-post status-publish format-standard hentry category-besoins-physiologiques category-bien-etre category-fiches-outils category-fiches-outils-pour-les-aidants-proches category-fiches-outils-pour-les-professionnels category-sante-alimentation-sommeil-hygiene category-soin-pistes-et-outils-professionnels">
<h2 class="wp-block-post-title"><a href="https://api-lux.be/index.php/2025/09/26/comprendre-et-traiter-les-poux-outils-pour-sensibiliser-familles-et-enfants/" target="_self" >Comprendre et traiter les poux : outils pour sensibiliser familles et enfants</a></h2>



<div class="wp-block-post-excerpt"><p class="wp-block-post-excerpt__excerpt">🩺 SOIN – SANTE &#8211; Un ensemble d’outils ludiques, accessibles et adaptables pour aborder la question des poux avec les enfants et les familles </p></div>


<hr class="wp-block-separator has-css-opacity"/>


<div class="wp-block-post-date"><time datetime="2025-09-26T15:32:36+02:00">26 septembre 2025</time></div>
</li></ul>

<nav style="color:#fa526c;" class="has-link-color aligncenter wp-elements-5fbc8325c12fe264bbb7139f47c868e6 wp-block-query-pagination has-text-color is-layout-flex wp-block-query-pagination-is-layout-flex" aria-label="Pagination">


<div class="wp-block-query-pagination-numbers"><span aria-current="page" class="page-numbers current">1</span>
<a class="page-numbers" href="?query-20-page=2">2</a>
<a class="page-numbers" href="?query-20-page=3">3</a>
<span class="page-numbers dots">…</span>
<a class="page-numbers" href="?query-20-page=47">47</a></div>

<a href="/index.php/wp-json/wp/v2/pages/156?query-20-page=2" class="wp-block-query-pagination-next">Page suivante</a>
</nav></div>



<p></p>

<p>Le déficit intellectuel nécessite un accompagnement individualisé. Pour soutenir au mieux les enfants et adolescents concernés, les professionnels et proches aidants ont besoin d’outils concrets et adaptés. Cette sélection de [&hellip;]</p>
